p(h) = h. Let q be p(-5). What is x(q)?
-1
Let t(y) = -5*y - 2. Let h be t(-1). Let f(a) = -7*a + 2*a + 2 + h*a + a. What is f(-8)?
10
Let c(q) be the third derivative of -7*q**4/8 + q**3/6 - 179*q**2. What is c(-2)?
43
Let g(w) = w**3 - 2*w**2 - 22*w - 10. Suppose 110 = 27*j - 52. Calculate g(j).
2
Suppose 0 = w + 8 - 3. Let k(z) = 4*z**2 + 7*z - 10. Let t(s) = 7*s**2 + 13*s - 19. Let n(a) = -5*k(a) + 3*t(a). Calculate n(w).
-2
Suppose -620 = -44*z + 128. Let v(a) = 3*a - 54. Calculate v(z).
-3
Let b(n) = 7*n + 1. Let k(l) = -8*l - 1. Let p(u) = -7*b(u) - 6*k(u). Let g = -29 - -34. Let i(f) = -3*f + 10. Let v be i(g). Determine p(v).
4
Let b = -2 - -2. Suppose -f + 24 = -b*f. Let s be 16/f - 2/(-6). Let x(v) = 12*v**2 - 1. What is x(s)?
11
Let z(b) = 6*b**2 + 7*b - 12. Let k(d) = 7*d**2 + 7*d - 13. Let v(j) = 5*k(j) - 6*z(j). Let n(m) = -6*m + 112. Let l be n(20). Determine v(l).
-1
Let b(g) be the third derivative of 0 - 6*g**2 - 1/3*g**3 + 0*g - 1/8*g**4. Suppose 4*s + 12 = -0. Calculate b(s).
7
Let j(p) = p**2 - 8*p + 8. Let v be j(7). Let b = v - 0. Let g(o) = -o**3 - o**2 + 2*o - 1. Let c be g(b). Let h(m) = 7*m + 1. Determine h(c).
-6
Let l(z) = -5*z**3 + 14*z**2 + 13*z - 1. Let c(u) = 2*u**3 - 7*u**2 - 6*u + 1. Let i(p) = 7*c(p) + 3*l(p). What is i(-6)?
-14
Let j(q) = -4*q - 17. Let z = -3007 - -3001. What is j(z)?
7
Let u(r) = -2*r**2 + r + 2. Suppose 42*z - 40 = -5*b + 47*z, -3*z = 3*b + 6. What is u(b)?
-13
Let r(j) be the second derivative of 0*j**3 + 0 + 1/20*j**5 + 1/4*j**4 + 6*j + 0*j**2. Determine r(-3).
0
Let x(r) = 7*r + 1. Let a(b) = -21*b - 2. Let g(k) = 2*a(k) + 7*x(k). Suppose 0 = 6*i - 140 + 116. What is g(i)?
31
Let n(z) be the third derivative of z**6/60 - z**5/60 - z**4/6 - 5*z**3/6 + 3*z**2 - 24*z. Calculate n(0).
-5
Let n(l) = 4*l + 4. Let x = -279 - -276. Determine n(x).
-8
Let g(f) = -f**2 - 2. Suppose 3*z = 8 - 47. Let n(y) = -4*y - 3*y - 6 + 6*y - 5. Let v be n(z). Give g(v).
-6
Let f be ((-8)/(-6))/((-3)/(-9)). Let n(h) = 1205*h**2 + 3*h - 1201*h**2 - h**3 - 6 + 0*h**3. Calculate n(f).
6
Suppose 0 = -m - 1 - 0. Let h(p) be the third derivative of 7*p**4/24 + 6*p**2 - 26*p. Calculate h(m).
-7
Let b = -11 - -10. Let g = -3 - -5. Let u(m) = 2*m**2 - 3*m + 1 + g*m**2 + 5*m + 0*m**2. Determine u(b).
3
Suppose 218 + 34 = -42*u. Let o(j) = 7*j + 8. Calculate o(u).
-34
Suppose -6*s + 2*s = 60. Let b be s/70*2*-7. Let g(n) = -2*n + 4. Calculate g(b).
-2
Let g(b) = -34*b - 24. Let d be g(-1). Let n(w) = w**2 - 17*w + 72. Determine n(d).
2
Suppose -3*m = 6*m - 90. Let i(n) = -m + 0*n + 10 - 3*n. Suppose 0 = -3*q - 3 + 9. What is i(q)?
-6
Let l(c) = 15*c**3 - c**2 - 2*c - 1. Let j = -278 - -173. Let w be (35/j)/((2/1)/6). Give l(w).
-15
Suppose -6 = -3*i - 3*t, 3*i - 20 = -5*t - 6. Let m(j) = j**2 + 4*j + 3. What is m(i)?
-1
Let c(i) = -i**3 + 7*i**2 - 5*i - 4. Let v = 64 + -59. Suppose -g + v*t + 6 - 21 = 0, 0 = 2*t - 8. What is c(g)?
21
Let h(f) = -f**2 - 10*f - 1. Suppose -3*j = -2*a - 4, -5*a = -0*j + 2*j - 28. Suppose -p - 30 = a*p - 5*o, 2*p = 4*o - 6. What is h(p)?
8
Let q(r) = 3*r - 4*r + 5 + 4*r**2 + 3 - 3. Let t(j) = 5 - 3*j**2 + 0*j**2 - 4 - j + 4*j**2. Let o(c) = -q(c) + 5*t(c). Determine o(4).
0
Let g(b) be the third derivative of b**4/8 - 11*b**3/2 + 101*b**2. Determine g(10).
-3
Let x(w) = -15*w**2 + 15*w - 13. Let f(z) = -7*z**2 + 7*z - 6. Let v(t) = -13*f(t) + 6*x(t). Let m be v(0). Suppose 2*u + m*u = 0. Let c(p) = -p + 2. Give c(u).
2
Let b(c) = -c**3 - c**2 + c - 1. Let j(m) = 8*m**3 + 3*m**2 - 3*m + 3. Let s(h) = 3*b(h) + j(h). Suppose 3*a + 2*a = -5. Calculate s(a).
-5
Let z(y) = -y**3 - 6*y**2 - 6*y + 2. Let w = -348 + 343. What is z(w)?
7
Let b(q) = -2*q - 11. Let s(k) = k + 5. Let u(c) = 2*b(c) + 5*s(c). Let l = -31 - -28. Calculate u(l).
0
Let z(n) = -2*n - 3. Let r be 0/(-2) + -8 + -3. Let i = -7 - r. Suppose -5*k = -5*t - 40, -3*t - 2*k = -k + i. Determine z(t).
3
Let m(r) = 32*r**2 + 27*r**2 + 5 - 86*r**2 + 28*r**2 + 8*r. Determine m(-6).
-7
Let c(l) = l - 6. Let d be c(6). Let k(a) be the third derivative of -a**5/60 - a**4/24 + 4*a**3/3 - 42*a**2. Calculate k(d).
8
Let h(n) = n**3 - 4*n**2 + n - 7. Let l = -283 - -288. Calculate h(l).
23
Let w(i) be the second derivative of i**4/12 - i**3/2 + 5*i**2/2 - 27*i. What is w(3)?
5
Let r(l) = 0*l**2 - 5 + 2*l**2 + 2 + 21234*l - 21219*l. Give r(-8).
5
Let a(j) = -j**2 + 4*j - 2. Suppose -2*n + 2 = -2*i + 4*i, 2*n - 6 = 2*i. Suppose 0 = n*g - 7*g + 10. Suppose -5*z + 2*s = -23, 0 = 2*s - 4 + g. Calculate a(z).
-7
Let t be (2/4)/((-2)/12). Let c(b) be the first derivative of -1/2*b**2 + 1/3*b**3 + 0*b + 14. Calculate c(t).
12
Let u(p) = -p + 2. Let f be u(2). Suppose 0*d + 20 = 4*a + 4*d, 5*a - d - 19 = f. Let v(m) = -4 + 6 - m + 1 + 2*m - 2*m. Give v(a).
-1
Let o(h) = h**2 + h + 3. Let u be (-1)/(1/(-45 - -5)). Let i = -40 + u. Determine o(i).
3
Let y(k) = -9*k - 3. Suppose z + 15 = 4*n, -2*n - 3*z + 21 = -4. Suppose 15 = -5*w + n. Give y(w).
15
Let v(m) = m**3 + 14*m**2 - 17*m - 9. Let t be 120/6*6*1/(-8). What is v(t)?
21
Let u(b) = -3*b - 26. Let f(g) = -11*g - 80. Let q(j) = -2*f(j) + 7*u(j). What is q(9)?
-13
Let h be (20/25)/((-1)/(-5)). Suppose -h*n + 31 = 7. Let a(q) = q**3 - 5*q**2 - 3*q - 7. Calculate a(n).
11
Let m(w) = w**3 + 20*w**2 + w - 9. Let f(r) = r**3 + 18*r**2 - r - 10. Let q(l) = 8*f(l) - 7*m(l). Determine q(-6).
1
Let u(x) = x**3 - 1. Let n(s) be the third derivative of -s**5/60 + s**4/3 - 7*s**3/6 + 2*s**2. Let r be -1*1*(2 + 36/(-4)). Let k be n(r). Calculate u(k).
-1
Let t(b) = -b**2 + 63 - 117 + 59. Give t(-6).
-31
Suppose -4*c = -3*h + 21, 23 = -3*c + h + 1. Let o(r) = r**3 + 10*r**2 + 10*r + 4. Calculate o(c).
-5
Suppose 0 = 6*z + 5*z + 22. Let w(l) = 7*l**2 - 2*l. Determine w(z).
32
Let o(s) = 17*s + 4*s + s**2 - 1 - 14*s. Give o(-5).
-11
Let b(m) = -5*m + 4. Suppose 0 = v + 1 - 6. Suppose v*p = -5*u + 40, -14 = -0*p - p - 3*u. Suppose -t - 3*t + 16 = 2*k, t = -k + p. Calculate b(t).
-11
Let m(k) = -k + 8. Suppose 6*u = 3*u + 15. Let a be m(u). Suppose 0*j = a*j + 18. Let t(q) = -3*q - 8. Give t(j).
10
Let u be 4/6*15/(-10)*-1. Let l be 5/(10/6) - u. Let q(r) = -4*r**2 + 1. Give q(l).
-15
Let a(r) = 2*r**3 + 3*r**2 - 14*r - 5. Let c(t) = 2*t**3 + 3*t**2 - 17*t - 7. Let l(j) = 5*a(j) - 4*c(j). Let i = 7 - 10. Give l(i).
-18
Let n(b) = -b - 4 - 5 + 4. Let y = 441 - 441. Calculate n(y).
-5
Let c(a) = a + 4. Suppose -4*w = -2*r - 14, -2*w = 5*r - 4*w - 5. Let k be 2/(-2)*r + 20 + -22. Give c(k).
-1
Let w(h) be the second derivative of h**5/20 + 5*h**4/12 + h**3/3 - h**2 + h. Suppose 32*a - 5*a + 81 = 0. Calculate w(a).
10
Let j(m) be the second derivative of 2*m**3/3 + 9*m**2/2 + 218*m. Give j(-8).
-23
Let n = -32 - -37. Let y be (8/10)/(4/10). Let i(r) = -r - 4*r**y - n*r**2 - 3*r**2 + 3*r**2. Determine i(1).
-10
Suppose -29*z + 31*z - 6 = 0. Suppose -19 = 4*t + x, 0*t - 5*x - 27 = z*t. Let o(j) = 3*j + 2. Calculate o(t).
-10
Let o(u) = -5*u**3 - 2*u**2 + 2*u - 1. Let s be o(1). Let f(m) = 31 - 5*m + 29 + 18 - 80. Determine f(s).
28
Let r(s) be the first derivative of s**3/3 - s**2 - 10*s + 197. Determine r(0).
-10
Let n(w) = 4*w + 30. Let x be -7 + (-4)/(-2) + -8 + 1. Give n(x).
-18
Let a(w) = -w + 9. Let r(c) = c**2 + 10*c + 6. Let v be r(-6). Let z = -16 - v. Let p be (0/(-4))/(z/(-1)). Give a(p).
9
Let u(l) be the first derivative of -2*l**2 + l + 9. Suppose -15 = -p + y, 5*p - 4*y = 4*p. Let v = -21 + p. Calculate u(v).
5
Suppose 2*l - h - 10 = 5, 4*l + 4*h = 12. Let n = 10 - l. Suppose -2*c + 6*c = -n. Let f(t) = 4*t - 1. Calculate f(c).
-5
Let y(l) = -3*l - 1. Let x = -2 - 3. Let r be (-3)/((x - -4)*1). Calculate y(r).
-10
Let k(q) = -q**2 + 3*q + 4. Let z be k(3). Let f(l) be the third derivative of -4*l**2 + 0*l - 1/60*l**5 + 1/6*l**4 + 0 + 1/6*l**3. Determine f(z).
1
Let l(a) = -a**3 + 10*a**2 - 7*a - 12. Suppose -3*i + 14 + 15 = -v, 0 = 2*i + v - 16. What is l(i)?
6
Let x = 45 + -50. Let h(l) = l**2 + 5*l - 1. Calculate h(x).
-1
Let t(g) = -8*g. Let m = -270 - -271. Calculate t(m).
-8
Suppose -a - 2 = -5*u + 6, -4*u = 3*a - 14. Suppose 0*s - a*s - 4 = 0, 5*q + 3*s + 26 = 0. Let x(l) = -270*l - 4 + 539*l + 6 + 3 - 271*l. Give x(q).
13
Let u(p) = 6*p**3 + 10*p**2 - 9. Let r(y) = -5*y**3 - 8*y**2 + 8. Let x(l) = 